. Calculate the remainder when 15 is divided by j.
0
Let p(o) = -33*o + 11 - o**3 + 5*o**2 + 32*o - 3. What is the remainder when p(5) is divided by 3?
0
Calculate the remainder when (-32)/(-12) + 12411/42 - (-5)/(-30) is divided by ((-1 - -2) + 14)/1.
13
Let n(m) = 6*m**2 + 11*m - 23. Suppose 164*u = 176*u - 216. What is the remainder when n(2) is divided by u?
5
Suppose -2069 + 2079 = 2*j. Suppose -j*i + 0*i = -5*b - 290, 0 = -5*i + 3*b + 290. What is the remainder when 110 is divided by i?
52
Let s be (-21)/84 - 229/(-4). Let h = 58 - s. Calculate the remainder when 32 is divided by ((-5)/(-10))/(h/24).
8
Let v = 107 - 66. Suppose 3*n - 7 = v. Suppose -24*o + 266 - 50 = 0. What is the remainder when n is divided by o?
7
Let o = 436 - 283. Calculate the remainder when o is divided by 43.
24
Suppose 211*h - 44*h - 37017 = -9963. What is the remainder when 677 is divided by h?
29
Suppose -36*a + 8874 = 35*a - 20*a. Calculate the remainder when a is divided by 164.
10
Let p = -6427 - -9343. Suppose 40*i - p = 2004. Calculate the remainder when i is divided by 21.
18
Let s = 10744 + -10739. What is the remainder when 843 is divided by s?
3
Let o = 1167 + -1156. Calculate the remainder when 54 is divided by o.
10
What is the remainder when 2/(9436/(-945) + 10) is divided by 45?
0
Let t(v) = 2*v**2 + 31*v - 1. Let o be t(-8). Let y = -24 - o. Calculate the remainder when y is divided by 9.
7
Let j(d) = -60*d - 453. Calculate the remainder when 941 is divided by j(-8).
23
Suppose -203 = 35*l - 729 - 979. Calculate the remainder when 293 is divided by l.
35
Suppose 7*s = m - 100, -3*s - 159 = -2*m - 3. Calculate the remainder when 463 is divided by m.
31
Let h(t) = t**3 + 24*t**2 + 24*t + 26. Let d be h(-23). What is the remainder when 89 is divided by -1*-46*d/3?
43
Let d = -7127 + 7147. What is the remainder when 181 is divided by d?
1
Suppose -570 - 2202 = 11*k. Calculate the remainder when 8/k*-7 - (-4800)/27 is divided by 18.
16
Suppose -2*p + q - 133 = 0, -p + 3*q = -0*q + 74. Let k = p - -66. Let d(m) = 25*m + 4. What is the remainder when d(k) is divided by 16?
13
Let c = 482 + 7421. Calculate the remainder when c is divided by 155.
153
Let l(v) = v**3 - 4*v**2 - 3*v - 12. Suppose -1 - 13 = -2*f. What is the remainder when l(f) is divided by 23?
22
Let o(k) = 10*k - 6. Let i be o(4). Suppose -u - 3*u + 108 = 0. Let s = i - u. Calculate the remainder when 19 is divided by s.
5
Let i(s) = 44*s**2 + 82*s - 463. Calculate the remainder when i(7) is divided by 21.
20
Suppose 2*i - 266 = 286. Suppose -k + 2*a + 133 = -3*a, 2*k - i = 5*a. What is the remainder when k is divided by 36?
35
What is the remainder when ((-20)/(-100))/((-2)/(-3490)*1) is divided by 198?
151
Let m = -1930 + 4919. What is the remainder when m is divided by 65?
64
Let c = -709 - -1063. Suppose -16*y = -c - 78. What is the remainder when y is divided by (-1 - -2)/(2/10)?
2
Suppose -19*h = -2*r - 21*h + 60, 4*r - 108 = 2*h. Let p = -20 - -75. Calculate the remainder when p is divided by r.
27
Let k(s) = 5*s**2 - 4*s + 21. Let c be k(6). Suppose -m + c = -3*b + 2*b, -m + 3*b = -181. What is the remainder when m is divided by 45?
40
Suppose 3*r = 2*b - 8, 5*r + 2*b - 16 = -2*b. Suppose 2*i + i - 4*t - 1045 = 0, r = -i - 2*t + 345. Calculate the remainder when i is divided by 14.
11
Let j(k) be the second derivative of -4*k**3 - 129*k**2/2 - 4*k - 17. Calculate the remainder when 73 is divided by j(-6).
13
Suppose 192 = 2*f + 2*f. What is the remainder when f is divided by (-15)/9 + 1775/75?
4
Let q = 22 - 14. Calculate the remainder when (572/(-78))/(1/(-6)) is divided by q.
4
Let r = -22951 - -22968. What is the remainder when 258 is divided by r?
3
Let u(x) = x - 7. Let w be u(7). Suppose w = -5*b + 1 + 9. Suppose -5*a + k + 3*k = -74, b*a - 24 = 3*k. Calculate the remainder when 34 is divided by a.
16
Let r(c) = -c - 25. Let f be r(-8). Let j = 55 + f. What is the remainder when j is divided by ((-72)/(-20) + -4)*-40?
6
Let y be 1 + (1*-1)/((-14)/(-42)). Let s = -40 - y. Let q = 48 + s. Calculate the remainder when 25 is divided by q.
5
Let d(b) = -b**2 - 2*b + 65. Let j be d(-9). Suppose -9*k + 5*z = -5*k - 23, j*k = -5*z - 11. Calculate the remainder when 149 is divided by 48/k - 8/(-8).
24
Suppose 0 = 10*d - 52*d + 5628. Calculate the remainder when d is divided by 36.
26
Suppose -61364*m - 1589 - 681 = -61374*m. What is the remainder when m is divided by 10?
7
Suppose -14*v + 29*v = 1590. What is the remainder when 234 is divided by v?
22
Let s(c) = -157*c**2 - 2*c + 0*c**3 + 16 + c**3 + 164*c**2. Suppose -249 = -7*b - 158. Calculate the remainder when s(-5) is divided by b.
11
Suppose 0 = 14*u - 10*u - 44. Let d(q) = 2*q - 14. Let a be d(u). Suppose -a = -2*z + 14. Calculate the remainder when 21 is divided by z.
10
Let u = -1654 + 2344. Suppose -7*j - u = 8*j. Let d = -36 - j. Calculate the remainder when 15 is divided by d.
5
Let d(j) = 3*j**2 + 264*j + 3429. Suppose -2*g = -0*g - 50. Calculate the remainder when d(-15) is divided by g.
19
Calculate the remainder when (33033/(-572))/(1/(-20)) is divided by 105.
0
Let r(m) = -2*m**2 - 27*m - 26. What is the remainder when (-1936)/(-36) - (56/36)/(-7) is divided by r(-11)?
25
Suppose n + 18 - 21 = 0. Suppose 2*p = 4*s + 74, 5*p - 268 + 97 = n*s. Calculate the remainder when 64 is divided by p.
31
Let t(j) = 254*j**3 - 4*j**2 + 4*j - 1. Calculate the remainder when 730 is divided by t(1).
224
Suppose -5*l - 20 = 0, 3*c - 48*l - 1892 = -49*l. Calculate the remainder when c is divided by 23.
11
Let h = 16 + -457. Let g = h + 483. What is the remainder when 177 is divided by g?
9
Suppose 66*x - 58*x = 136. Suppose -43 + 33 = -5*a, x = v - 4*a. Calculate the remainder when 174 is divided by v.
24
Let g(c) = 123*c - 2172. What is the remainder when 221 is divided by g(18)?
11
Suppose 0 = -y - 5*c + 5, 2*c + 2*c + 16 = 0. Let m = 443 - 255. Suppose m = 4*t + 4*a, 3*t - 6*a - 139 = -11*a. Calculate the remainder when t is divided by y.
23
Suppose -4*j + 1865 = -5*s + 378, 10*j - 3755 = 5*s. What is the remainder when j is divided by (-8)/2 - (-67 - 13)?
74
Suppose -2*r - 2366 = 12*p - 14*p, r - 1199 = -p. What is the remainder when 2397 is divided by p?
15
Let x = -37 + 67. Suppose 0 = 4*u - 24, -199 - 668 = -5*d + 3*u. Calculate the remainder when d is divided by x.
27
Suppose -48*m - 3237 + 884373 = 0. What is the remainder when m is divided by 51?
48
Suppose -17*i - 96 = -14*i. What is the remainder when 93 is divided by 2*2*i/(-4)?
29
Let n(a) = 15*a - 21. Let r(u) = 2*u**2 - 20*u - 6. Let l be r(9). Let p be (9/(-12))/((-6)/l)*-2. Calculate the remainder when n(p) is divided by 18.
15
Let l be ((-48)/(-6))/(-1 - (1 - 0)). Let i be (l - 25/(-10))*(0 - -2). What is the remainder when ((-8)/i + 0)/((-8)/(-108)) is divided by 14?
8
Let l = -1045 - -1167. Let r be (-2 + 1 + 0)*-5. Suppose 0*a - r*a + 205 = 0. Calculate the remainder when l is divided by a.
40
Let c(j) = j**3 - 5*j**2 + 7*j + 5. Let i be (-3 - 1) + (15 - (-7 - -13)). Calculate the remainder when c(6) is divided by -4 + 29 - (i + -1).
20
Let b = 101 - 97. Suppose -m = 3*u - b*m - 3, -2*m = 4. Calculate the remainder when u/(-2)*-6 - -63 is divided by 22.
16
Suppose 5*b - 7 + 3 = p, 5*b = 5*p. Let a(f) = 199*f**3 - f**2 + 7*f - 6. What is the remainder when a(p) is divided by 50?
49
Suppose -2*o = -126 + 18. Suppose l - 120 = -9*l. Let z = 26 - l. Calculate the remainder when o is divided by z.
12
Let m = 986 - 646. Suppose 13*g - 208 + 108 = 147. What is the remainder when m is divided by g?
17
Let u(m) = 2*m**2 - 4*m + 4. Suppose 24*b - 15 = 21*b. Suppose -2*a + b*t + 9 = 0, -2 = -t - 1. What is the remainder when u(a) is divided by 26?
22
Let d(v) = -7 + 43*v**2 - 3*v**3 + 9*v + 6*v**3 - 49*v**2 - 2*v**3. Calculate the remainder when d(7) is divided by 18.
15
Let r(f) = -140*f + 3. Let u be r(1). Let j = -122 - u. Let s(c) = -18*c. Calculate the remainder when s(-4) is divided by j.
12
Let i(b) = -b**3 - 8*b**2 + 8*b - 6. Let t be i(-9). Suppose 6*y - 25 = 101. Calculate the remainder when (2 - t*1/3)*123 is divided by y.
18
What is the remainder when 144 is divided by 28/21*432/32?
0
Calculate the remainder when 2581 is divided by (4 + 1)*(-38)/(-2660)*23